 33 and p.
33
Suppose -6747 = -4*b - 9*b. Let a = b + -511. Calculate the greatest common factor of 12 and a.
4
Suppose 5*c = 4*z - 70 + 284, -4*c + 171 = -3*z. Let q = 51 - c. Let p be ((-12)/q)/((-2)/63). Calculate the greatest common divisor of 63 and p.
21
Suppose -5*l + 3*l = -90. Suppose -18*i + 26 = -20*i. Let g = l + i. What is the highest common divisor of 48 and g?
16
Let f be (-3)/(-3) + (-1 - -8). Suppose f = -w - 3*w. Let y = w + 14. What is the highest common factor of 12 and y?
12
Let m(l) be the third derivative of l**4/24 + l**3 + 17*l**2. Let z be m(-3). Let q = -29 + 32. What is the greatest common factor of z and q?
3
Let k be ((-26)/182)/((-1)/77). Suppose k*n - 1825 = 221. What is the greatest common divisor of n and 248?
62
Let o(t) = -4*t**2 + 114*t + 4. Let d be o(28). Let j = -1043 + 1358. What is the greatest common factor of j and d?
15
Let g be (-3)/((-21)/2) + 372/21. Let y = g - 13. Suppose -3*d - y*r + 2*r = -3, 2*d = 3*r + 17. What is the highest common factor of 2 and d?
2
Suppose 0 = 5*q + 3*t - 142, 331*t = 5*q + 327*t - 184. Calculate the highest common divisor of q and 172.
4
Let l be (-1)/(10/(-45) - (-15784)/3744 - 4). Calculate the highest common divisor of l and 84.
12
Let q = 61 - 41. Suppose 0*d + d = q. Let c be 190/25 + (-6)/(-15). What is the highest common divisor of d and c?
4
Let r be (-12)/(-2 - -4)*(-2884)/56. Calculate the highest common divisor of 1442 and r.
103
Let l = 359 + 19. Let f = l + -214. What is the greatest common divisor of f and 4?
4
Let z(h) = h**3 + 8*h**2 - 66*h + 36. Let i be z(-12). Calculate the greatest common factor of i and 198.
18
Let n be (-6 - 20/(-8))*(11 - 7 - 18654). What is the greatest common factor of 175 and n?
175
Let f be 1/(2/(-7))*119/(24990/(-202680)). What is the greatest common factor of f and 30?
6
Let n(q) = -10*q + 26. Let x be n(-28). Let k = -1148 - -1199. What is the greatest common factor of x and k?
51
Let u be 4 + (-3)/(-1) + 3. Let c = 202 - -41. Suppose -2*t + 3*b + c = t, -4*t - 2*b = -318. What is the greatest common factor of u and t?
10
Suppose 12 = -108*d + 104*d, q + 5*d - 55 = 0. What is the highest common factor of 3670 and q?
10
Let c be 569/5 - 16/(-80). Suppose -5*z - 109*t + c*t = -150, -3*t + 90 = 3*z. Let b = 6 - -12. Calculate the greatest common factor of z and b.
6
Suppose -14*q - 1203 = -4479. Let c(j) = -4*j - 6. Let o be c(-6). What is the greatest common divisor of o and q?
18
Suppose 5*z = -35, 47*u - 49*u = -4*z - 116. What is the highest common divisor of u and 781?
11
Suppose 415380 = 44*b + 125*b - 8*b. Calculate the highest common divisor of b and 15.
15
Suppose -287 = -2*f - 5*n + 6*n, -5*f = 2*n - 722. Let m(r) = -9*r**3 + 49*r**2 - 18*r + 6. Let o be m(5). What is the greatest common factor of o and f?
16
Suppose -168*a + 246*a - 3276 = 0. Calculate the highest common divisor of 1057 and a.
7
Let n = 1058 + -1056. What is the highest common factor of 1230 and n?
2
Let f be 1/((-20090)/(-1057) + -19). Calculate the greatest common factor of f and 33673.
151
Suppose -21*i + 53*i + 879 - 4559 = 0. Calculate the greatest common factor of 60 and i.
5
Let b = -17433 + 17447. Calculate the greatest common divisor of b and 686.
14
Let j = 24204 - 24190. What is the highest common factor of 5530 and j?
14
Let z(w) = -68*w + 8. Let r be z(1). Let j be (-200)/r - (-2)/(-6). Calculate the greatest common divisor of j and 48.
3
Let n(i) be the first derivative of 2*i + 1/2*i**2 - 1. Let t be n(4). Calculate the highest common factor of t and 2.
2
Suppose 280*r - 4771 = 4002 + 2427. Suppose 0*g = -g + 8. Calculate the greatest common factor of r and g.
8
Suppose w - 5*s - 930 = 0, 4774 = 5*w - 5*s + 104. Suppose 0 = -3*o - 15, q - 4*q + w = -o. Calculate the greatest common factor of 93 and q.
31
Suppose -49 = 18*i + 167. Let h be 2/i + (-2)/(48/(-220)). Calculate the greatest common divisor of h and 117.
9
Suppose 114 - 334 = -44*u. What is the highest common divisor of u and 15625?
5
Let s be (1710/(-60) + 31)*11*4. What is the highest common divisor of s and 836?
22
Let z(p) = p**3 + 33*p**2 - 34*p + 10. Let n be z(-34). Let v be 5/2*44/n. What is the greatest common divisor of 1 and v?
1
Let m = 6712 + -6704. Suppose -1486 = -5*j - 111. Let c = -139 + j. What is the highest common divisor of m and c?
8
Let p(c) = -2*c + 2*c - 4*c + c**2 + 1. Let n be p(5). Let z = 202884 - 202824. What is the highest common divisor of z and n?
6
Let n be (42/5)/((-1)/(-40)). Let h(b) = 423*b + 8481. Let l be h(-20). What is the greatest common divisor of l and n?
21
Let a(b) = -b**2 - 17*b - 52. Let x be a(-13). Let f be x/(-14) + (-1)/((-3)/18). What is the highest common divisor of 96 and f?
6
Let j be 8/(-28)*(-5 - -12). Let t be 62 + -1*((j - -3) + 1). Let h(b) = 24*b**2 + 2*b - 2. Let d be h(-2). What is the highest common factor of d and t?
30
Let o(z) = -z**3 - 9*z**2 + 11*z + 38. Let v = 171 + -181. Let q be o(v). What is the greatest common factor of 49 and q?
7
Suppose 1228*g = 1264*g - 85212. Calculate the highest common factor of g and 18.
9
Let k = 87 + -69. Suppose -2 = -0*j - 2*j. Let y = 11 + j. Calculate the highest common divisor of y and k.
6
Let l be ((2 + -1)/(40/16))/(24/3600). What is the greatest common divisor of 8985 and l?
15
Let u(d) = 7*d**2 + 122*d + 64. Let z be u(-17). Let m be (5 + (-3)/1)*69. Let a = -47 + m. What is the greatest common divisor of z and a?
13
Let q be (4 - 44/10)*-120. Let r(t) = -72*t + 1128. Let d be r(14). Calculate the highest common factor of q and d.
24
Let l be (-5 - -2)*114/(-18). Let m = l - 8. Suppose 4*q - 7*q = -231. What is the highest common divisor of q and m?
11
Let p = 106 + -111. Let v(h) = 2*h**3 + 6*h**2 + 7*h - 11. Let l be v(p). Let a = -56 - l. Calculate the greatest common factor of 45 and a.
45
Suppose r - 50 = -4*z + 64, -z - 3*r = -45. Calculate the greatest common factor of 72 and z.
9
Let x(n) = -n**2 - 15*n + 6. Let j be x(-14). Let h = 88 - j. What is the highest common divisor of 4 and h?
4
Let q be (-10)/(-3)*-2*(-9)/15. Suppose 2*a + 0 = 10. Suppose -6 = q*j - a*j. What is the highest common factor of j and 3?
3
Suppose 390 = -70*y - 69*y + 145*y. What is the highest common factor of 41535 and y?
65
Suppose 963 + 605 = 8*b. Let k be 14/(-3)*(-1 + (-8)/4). Calculate the greatest common divisor of b and k.
14
Let q(t) = t**2 + 23*t + 18. Let m be q(-22). Let v be -59*(0 + m) + (2 - 4). Suppose 0*w = -5*w + 130. What is the highest common factor of v and w?
26
Suppose 2*d + 0*x - 72 = -4*x, 2*d - 87 = -x. Let g = 83 - d. Suppose -g = -4*f + 15. What is the highest common divisor of f and 13?
13
Suppose 310*g - 311*g = 2*f - 24, 5*g - 4*f - 120 = 0. What is the highest common divisor of g and 280?
8
Let x be 1*-3*((-4240)/12)/10. Suppose -2*s - 2*j + 52 = -0*j, 4*s + 3*j = x. What is the highest common factor of 14 and s?
14
Let s = 13950 - 9600. Calculate the highest common divisor of s and 180.
30
Suppose 2*q - i - 195 = 446, 3*i = -q + 303. What is the highest common divisor of 7526 and q?
106
Let c = 4859 + -4265. What is the highest common divisor of 44 and c?
22
Let o = -90 - -215. Suppose 5500 = -50*c + 70*c. Calculate the greatest common divisor of c and o.
25
Suppose 6*b = 11*b - 15. Suppose b*x - 4*x = -7. Suppose -x*p + 8*p = 168. What is the greatest common divisor of p and 28?
28
Let f(o) = -8*o + 187. Suppose 6*h + 78 = 216. Let x be f(h). What is the highest common factor of x and 5?
1
Let p be 20*7/10*16. Let c(m) = 6*m**2 - 7*m - 10. Let x = 55 + -57. Let z be c(x). Calculate the greatest common divisor of z and p.
28
Let s be ((-20)/6)/(1/(-9)). Suppose 2 = 7*r + s. Let t be 7*(-3 - r/1). What is the greatest common factor of 1 and t?
1
Let o(q) = 1956*q - 4122. Let u be o(8). What is the greatest common factor of 102 and u?
102
Let j = 60 - 12. Let x be (224/10)/((-6)/(-20))*(-8928)/(-868). Calculate the greatest common divisor of j and x.
48
Suppose -35*i + 483 = -33*i - 7*f, 468 = 2*i - 4*f. What is the highest common factor of i and 1316?
28
Let d(z) = -34*z - 26. Let r be d(-2). What is the highest common divisor of r and 6?
6
Suppose -3*s - 319*t = -316*t - 471, 0 = -t + 5. What is the highest common factor of 432 and s?
8
Let g(